 - 3 - (-2 - 1). Suppose 0 = 2*f + w*f - 268. Is f a prime number?
True
Let y = -139 + 411. Suppose -3*o = -4*v - 93 - y, -4*o + 493 = v. Is o prime?
False
Let t be (-347)/(-7) - (-12)/28. Suppose -37 = -3*j - 94. Let f = j + t. Is f composite?
False
Let d(s) = 26*s**2 - 9*s - 10. Let i be d(-8). Suppose -5*p + i + 139 = 0. Is p a prime number?
True
Suppose c - 5*c = -2*m - 6136, -4*c - 5*m + 6150 = 0. Is c a prime number?
False
Let o = -2 - 1. Let l be o/(6/(-8)) + 0. Suppose 5*z - 741 = -2*r, r = 5*z - l*r - 755. Is z a prime number?
True
Let m be 3*(-1 - (18 - -3)). Let p = m - -105. Is p composite?
True
Let a(c) = -c + 3. Let y(k) = -k**2 + 8*k - 7. Let m be y(7). Let r be a(m). Suppose -p - r = -17. Is p a prime number?
False
Suppose 0 = -17*t + 20*t - 8571. Is t a prime number?
True
Let h(g) = g**2 + g - 10. Let y be h(0). Let c = y - -20. Is 225/2 + 5/c a composite number?
False
Suppose 6 = 5*a - 2*a. Suppose -3*r = -2*r + 2*h - 4, -2*r + a = 2*h. Is r/((-5)/(-3) - 2) composite?
True
Suppose -3*y - 584 = -4*w, 2*w - 294 = -2*y + 3*y. Is w composite?
False
Let n(f) = 9*f + 1. Let b be n(5). Let w = 48 + b. Is w a composite number?
True
Let v = 13 + -1. Let q be v/3*(0 - -1). Suppose -169 = -q*h + 59. Is h prime?
False
Suppose 1514 = 5*d - 321. Is d a prime number?
True
Let c = 3 + -2. Is 59*c*(3 - 2) composite?
False
Let i(o) = -o**3 + 10*o**2 - 5*o - 1. Suppose 4*h + 4*z = -z - 27, 0 = 5*h + 3*z + 50. Let k = h + 19. Is i(k) a composite number?
False
Let k(z) = 2*z**2 - 29*z - 32. Is k(23) prime?
True
Suppose -2*p + 3*y = -14, y = -2*p - 3*y. Suppose -3*t - 1 + 4 = 0, -h + 11 = p*t. Let l = 170 - h. Is l composite?
False
Let l(t) = 2*t - 8. Is l(11) a prime number?
False
Suppose 0 = -3*t - u + 618, -4*t = -2*u - 1195 + 371. Let m = t - 97. Is m a composite number?
False
Suppose -2*s - g - 35 = -114, -3*s + 136 = 5*g. Is s a composite number?
False
Suppose 3*i - 196 = 3*p - 8*p, -202 = -3*i + p. Is i composite?
False
Suppose 618 = 5*c - 177. Is c a prime number?
False
Suppose -2*x + 24 = -5*p, -4*x - 3*p + 0*p - 4 = 0. Suppose x*z + z - 1605 = 0. Is z prime?
False
Suppose -5*f + q = -q - 13, -f + 4 = q. Suppose 97 = -2*k + f*k. Is k a composite number?
False
Let i be (-2)/4*0/3. Let g be ((-1)/(-3)*i)/2. Suppose g = -w - 2*t + 39, 4*w - 2*t + 4*t - 138 = 0. Is w a composite number?
True
Let z(y) = -y**2 + 14*y - 10. Let t be z(8). Let q = t + -16. Let j = 44 - q. Is j composite?
True
Let l(p) = p**2 + 2*p + 1. Let y be l(-3). Is 188/12 + y/(-6) a prime number?
False
Let l(i) = 12*i. Let f be l(1). Suppose 2*x - 2*w = x + 49, 4*x + 5*w = 144. Suppose f = a - 3*o, 3*o - x = -5*a - o. Is a prime?
False
Is (-3)/(-2) - (-8869)/14 composite?
True
Let j = -28 + 49. Let m = j + -15. Is m a composite number?
True
Let a = 8 - 16. Let z = a - -4. Let w(l) = 3*l**2 - l + 1. Is w(z) a composite number?
False
Let t = 312 - 121. Is t a composite number?
False
Let b be 1/7 - (-82)/14. Let z(u) = u**3 - 2*u**2 - 4*u + 7. Is z(b) composite?
False
Let v(d) = -9*d**3 + 5*d**2 + 4*d - 5. Is v(-4) prime?
False
Suppose 8*j = 6*j + 2098. Is j a composite number?
False
Is (-446)/(-1 - (-3)/(-3)) composite?
False
Suppose -3*g = -3*l - 11958, -2*g - 7987 = -4*g - 3*l. Is g composite?
False
Suppose 312 = 3*v + 2*a - 2319, 0 = 2*v - 5*a - 1754. Is v a composite number?
False
Suppose 4*d = 4*k - 20, 0*d + 2*d - 4 = -5*k. Let z(c) = -2*c**2 + 3*c + c + 2*c**k + c**2. Is z(-7) a prime number?
False
Let q be 5 + -1 + -2 - -18. Is q - (3/3 + -3) composite?
True
Let m(r) = -r**3 - 9*r**2 - 10*r + 10. Let w = -15 + 7. Is m(w) a prime number?
False
Let x(h) = 255*h + 2. Is x(1) composite?
False
Let o(m) = 12*m**3 + 2*m**2 + m - 6. Let l(s) = -11*s**3 - 2*s**2 + 5. Let c(y) = -4*l(y) - 3*o(y). Is c(3) a composite number?
False
Is (-3978)/(-8) + (-7)/28 composite?
True
Let a(c) = 2*c**2 - 5*c + 4. Let s be 6/39 + (-80)/13. Is a(s) a prime number?
False
Suppose 0*u + 4*u = -144. Let d = 1 - u. Is d a composite number?
False
Let v(b) = -b**3 + 5*b**2 - 2*b - 5. Let j be v(5). Let g be (-3)/j - (-48)/10. Is (22 - g)*(11 - -2) a composite number?
True
Suppose -2*n + 2*j + 176 = 0, -n - j + 76 = 4*j. Suppose -4*y = 5*w - 5, -3 = -4*y + 2*y - 3*w. Suppose y = -k - k + 6, 0 = 2*i + 4*k - n. Is i composite?
False
Suppose 141 - 706 = -5*u. Let l = 90 + u. Is l a composite number?
True
Let q be 18*(-3)/6*3. Let i be 2/(-9) + (-33)/q. Let j = i + 22. Is j prime?
True
Let w(p) = p**2 - p - 15. Is w(13) prime?
False
Let f be (-2)/7 - (-2372)/(-28). Let r = 208 - f. Let o = r - 144. Is o composite?
False
Let t = 2388 - 1643. Is t a prime number?
False
Let w(h) = 786*h**2 - 3*h + 2. Is w(3) a composite number?
True
Is 222/(-6)*(-9 + 2) composite?
True
Is ((-6)/(-18))/(2/582) prime?
True
Let s(p) = p**2 - 8*p - 6. Let a be s(9). Suppose 5*c + 3*m = 47, -a*m - 8 = -c + 5. Is c a prime number?
False
Let b(c) = -1 + 3*c - 2 + 4 + 1. Is b(7) a composite number?
False
Suppose -4*q = -0*q - 2*b - 466, 2*q = -2*b + 248. Is q a prime number?
False
Suppose -7*h + 2635 = -2*h. Is h a composite number?
True
Let r(q) = 16*q - 19. Suppose 5*t - 17 = -2*a + 10, 42 = 5*a + 4*t. Is r(a) a composite number?
True
Let a(h) = h**3 - 3*h**2 + 3. Let s be a(3). Suppose s*f - 1632 = 2*v - 517, 0 = -f + v + 372. Is f a composite number?
True
Suppose -56 = -5*b + b. Suppose 0 = n - 0*n - b. Is n composite?
True
Let q = 10 - 5. Suppose -595 = q*y + 3*w - 3769, 5*y - 3150 = 5*w. Suppose 0*z = -3*z + y. Is z composite?
False
Suppose 0 = -3*n + 2*r + 67, r - 52 = -3*n - 0*r. Is n a prime number?
True
Let n be (-4)/5*135/(-2). Suppose -5*t + n = 2*o, -4*t - 5*o + 42 = -4*o. Is t prime?
False
Let y = 419 + -292. Is y prime?
True
Suppose -9*o + 1711 = -1322. Is o prime?
True
Suppose m = -4*v + 506, 3*m - 512 = -4*v - m. Suppose v = -4*r + 434. Is r prime?
False
Suppose 4*l + 3*o - 463 = 0, -l + 31 = -3*o - 81. Is l a composite number?
True
Suppose 15*x - 1910 = 5*x. Is x composite?
False
Let d(p) be the third derivative of p**6/120 + 11*p**5/60 + p**4/12 - p**3/6 - 2*p**2. Suppose 40 = -6*a + 2*a. Is d(a) composite?
False
Let z = -254 + 441. Is z prime?
False
Is (1146/(-18))/((-1)/6) composite?
True
Let d(j) = 13*j**2 + 11*j - 7. Is d(7) a composite number?
True
Suppose 4*o - 127 = 3*o. Is o prime?
True
Let q = 5 - 9. Let n(r) = -130*r + 9. Let c(g) = -65*g + 5. Let b(z) = -11*c(z) + 6*n(z). Is b(q) a prime number?
False
Is 2/((-1174)/(-293) - 4) a prime number?
True
Let z = 2500 - 1533. Is z prime?
True
Suppose -3*m = 4*m - 483. Is m a composite number?
True
Let n = 2 - -1. Suppose 0*o = -3*o + 15, -n*u - 2*o = -85. Is u composite?
True
Let v(f) = 2*f**2 + 2*f + 5. Let m be v(-5). Suppose -9*g = -6*g - m. Is g a prime number?
False
Let k = -75 - -232. Is k a composite number?
False
Let w = 10 + -10. Let p(r) = -r**2 + r - 4. Let m be p(w). Let y = m - -63. Is y prime?
True
Let x(g) = 33*g**3 + g. Is x(1) prime?
False
Let p = 5 - 3. Suppose -h + 993 = p*h. Is h a prime number?
True
Suppose u = -3*u + 8. Let j be u*-3*(-3)/18. Is j - (-1*58 - -2) prime?
False
Suppose -4*t + 0*t + 4 = 0. Suppose 4*w + t = 9. Suppose c + 145 = 4*n, w*n - 3*c - 86 = -7*c. Is n a composite number?
False
Suppose -4*m - 4*v = -2088, -5 + 0 = -5*v. Is m a composite number?
False
Is 117/26*(-158)/(-3) composite?
True
Let w be 2/(-5) - (-34)/10. Suppose 4*y + y - 260 = -3*q, w*q = -3*y + 162. Let o = 84 - y. Is o a prime number?
False
Let z = -260 + 447. Is z a composite number?
True
Let x(i) be the first derivative of -125*i**2/2 - 4*i + 3. Is x(-3) a composite number?
True
Let d(j) = -j - 3. Let m be d(-5). Suppose 4*o - 93 = -3*s, 4*s + 5*o - 62 = m*s. Is s a prime number?
True
Let h(d) = -2*d - 4. Let u be h(-3). Let r(c) = -1 + 0*c + 54*c**2 - u - 2*c + 4. Is r(1) composite?
False
Is 1087/(-1*4/(-4)) a prime number?
True
Is 3013*(-2 + (-15)/(-5)) a prime number?
False
Let u(x) = 55*x**2 + 25*x + 9. Is u(-6) composite?
True
Suppose 0 = 6*h - h - 16115. Is h a prime number?
False
Suppose 1 = -4*m + 21. Suppose -m*r = -0*r + 30. Let u = 13 + r. Is u a prime number?
True
Let b be 4/4*(32 - 1). Suppose -3*n = -68 - b. Suppose 80 = x - n. Is x a prime number?
True
Let a be (0 - 0)/(-4 + 6). Suppose 0 = -a*w - 5*w - 20, 246 = -2*z + w. Let o = -6